{"id":16,"date":"2026-03-01T18:26:14","date_gmt":"2026-03-01T17:26:14","guid":{"rendered":"https:\/\/mariuszlemanski.pl\/?page_id=16"},"modified":"2026-03-01T18:39:05","modified_gmt":"2026-03-01T17:39:05","slug":"strona-glowna","status":"publish","type":"page","link":"https:\/\/mariuszlemanski.pl\/","title":{"rendered":"Strona g\u0142\u00f3wna"},"content":{"rendered":"\t\t<div data-elementor-type=\"wp-page\" data-elementor-id=\"16\" class=\"elementor elementor-16\">\n\t\t\t\t<div class=\"elementor-element elementor-element-099395a e-flex e-con-boxed wpr-particle-no wpr-jarallax-no wpr-parallax-no wpr-sticky-section-no e-con e-parent\" data-id=\"099395a\" data-element_type=\"container\">\n\t\t\t\t\t<div class=\"e-con-inner\">\n\t\t<div class=\"elementor-element elementor-element-dc802a1 e-grid e-con-full wpr-particle-no wpr-jarallax-no wpr-parallax-no wpr-sticky-section-no e-con e-child\" data-id=\"dc802a1\" data-element_type=\"container\">\n\t\t\t\t<div class=\"elementor-element elementor-element-6084df0 elementor-widget elementor-widget-image\" data-id=\"6084df0\" data-element_type=\"widget\" data-widget_type=\"image.default\">\n\t\t\t\t\t\t\t\t\t\t\t\t\t\t\t<img fetchpriority=\"high\" decoding=\"async\" width=\"640\" height=\"640\" src=\"https:\/\/mariuszlemanski.pl\/wp-content\/uploads\/2026\/03\/Mariusz-Lemanski.jpg\" class=\"attachment-large size-large wp-image-18\" alt=\"\" srcset=\"https:\/\/mariuszlemanski.pl\/wp-content\/uploads\/2026\/03\/Mariusz-Lemanski.jpg 640w, https:\/\/mariuszlemanski.pl\/wp-content\/uploads\/2026\/03\/Mariusz-Lemanski-300x300.jpg 300w, https:\/\/mariuszlemanski.pl\/wp-content\/uploads\/2026\/03\/Mariusz-Lemanski-150x150.jpg 150w, https:\/\/mariuszlemanski.pl\/wp-content\/uploads\/2026\/03\/Mariusz-Lemanski-50x50.jpg 50w, https:\/\/mariuszlemanski.pl\/wp-content\/uploads\/2026\/03\/Mariusz-Lemanski-606x606.jpg 606w\" sizes=\"(max-width: 640px) 100vw, 640px\" \/>\t\t\t\t\t\t\t\t\t\t\t\t\t\t\t<\/div>\n\t\t\t\t<div class=\"elementor-element elementor-element-542e478 elementor-widget elementor-widget-text-editor\" data-id=\"542e478\" data-element_type=\"widget\" data-widget_type=\"text-editor.default\">\n\t\t\t\t\t\t\t\t\t<div class=\"elementor-column elementor-col-50 elementor-inner-column elementor-element elementor-element-c30fd1b\" data-id=\"c30fd1b\" data-element_type=\"column\"><div class=\"elementor-widget-wrap elementor-element-populated\"><div class=\"elementor-element elementor-element-a965e5c elementor-widget elementor-widget-image\" data-id=\"a965e5c\" data-element_type=\"widget\" data-widget_type=\"image.default\"><div class=\"elementor-widget-container\">\u00a0<\/div><\/div><\/div><\/div><div class=\"elementor-column elementor-col-50 elementor-inner-column elementor-element elementor-element-b453ed4\" data-id=\"b453ed4\" data-element_type=\"column\"><div class=\"elementor-widget-wrap elementor-element-populated\"><div class=\"elementor-element elementor-element-d5dd9b1 elementor-widget elementor-widget-text-editor\" data-id=\"d5dd9b1\" data-element_type=\"widget\" data-widget_type=\"text-editor.default\"><div class=\"elementor-widget-container\"><p>Bydgoski kompozytor i muzyk Mariusz Lema\u0144ski jest cz\u0142onkiem zespo\u0142u Factor 8. Razem z Nimi otwiera\u0142 koncerty gwiazd takich jak: DECAPITATED, KAT i ROMAN KOSTRZEWSKI, VADER, TURBO, IRA, FRONTSIDE, ORGANEK, KALIBER 44, MROZU i innych.<\/p><p>Tw\u00f3rca cyklu znanych film\u00f3w z lekcjami dla gitarzyst\u00f3w \u2018Riff of The Week\u2019.<\/p><p>Znany prowadz\u0105cy warsztat\u00f3w instrumentalnych oraz rozchwytywany nauczyciel gry na gitarze i nie tylko.<\/p><\/div><\/div><\/div><\/div>\t\t\t\t\t\t\t\t<\/div>\n\t\t\t\t<div class=\"elementor-element elementor-element-fb25fb0 elementor-widget elementor-widget-text-editor\" data-id=\"fb25fb0\" data-element_type=\"widget\" data-widget_type=\"text-editor.default\">\n\t\t\t\t\t\t\t\t\t<div class=\"elementor-element elementor-element-fc49180 elementor-widget elementor-widget-heading\" data-id=\"fc49180\" data-element_type=\"widget\" data-widget_type=\"heading.default\"><div class=\"elementor-widget-container\"><h2 class=\"elementor-heading-title elementor-size-default\">Solowy projekt Aegir<\/h2><\/div><\/div><section class=\"elementor-section elementor-inner-section elementor-element elementor-element-336c4a5 elementor-section-boxed elementor-section-height-default elementor-section-height-default\" data-id=\"336c4a5\" data-element_type=\"section\" data-settings=\"{&quot;_ha_eqh_enable&quot;:false}\"><div class=\"elementor-container elementor-column-gap-default\"><div class=\"elementor-column elementor-col-50 elementor-inner-column elementor-element elementor-element-b418fa3\" data-id=\"b418fa3\" data-element_type=\"column\"><div class=\"elementor-widget-wrap elementor-element-populated\"><div class=\"elementor-element elementor-element-7f23adc elementor-widget elementor-widget-text-editor\" data-id=\"7f23adc\" data-element_type=\"widget\" data-widget_type=\"text-editor.default\"><div class=\"elementor-widget-container\"><p>Mimo wielkiego zaanga\u017cowania w sukces grupy Factor 8 znalaz\u0142 czas by odkrywa\u0107 w\u0142asn\u0105 \u015bcie\u017ck\u0119 i nieustannie rozwija\u0107 si\u0119 muzycznie co s\u0142ycha\u0107 w coraz to nowych klipach umieszczanych w mediach spo\u0142eczno\u015bciowych.<\/p><\/div><\/div><\/div><\/div><\/div><\/section>\t\t\t\t\t\t\t\t<\/div>\n\t\t\t\t<div class=\"elementor-element elementor-element-41106b9 elementor-widget elementor-widget-image\" data-id=\"41106b9\" data-element_type=\"widget\" data-widget_type=\"image.default\">\n\t\t\t\t\t\t\t\t\t\t\t\t\t\t\t<img decoding=\"async\" width=\"990\" height=\"1021\" src=\"https:\/\/mariuszlemanski.pl\/wp-content\/uploads\/2026\/03\/Aegir.jpg\" class=\"attachment-large size-large wp-image-23\" alt=\"\" srcset=\"https:\/\/mariuszlemanski.pl\/wp-content\/uploads\/2026\/03\/Aegir.jpg 993w, https:\/\/mariuszlemanski.pl\/wp-content\/uploads\/2026\/03\/Aegir-291x300.jpg 291w, https:\/\/mariuszlemanski.pl\/wp-content\/uploads\/2026\/03\/Aegir-768x792.jpg 768w, https:\/\/mariuszlemanski.pl\/wp-content\/uploads\/2026\/03\/Aegir-640x660.jpg 640w\" sizes=\"(max-width: 990px) 100vw, 990px\" \/>\t\t\t\t\t\t\t\t\t\t\t\t\t\t\t<\/div>\n\t\t\t\t<\/div>\n\t\t\t\t\t<\/div>\n\t\t\t\t<\/div>\n\t\t\t\t<\/div>\n\t\t","protected":false},"excerpt":{"rendered":"<p>\u00a0 Bydgoski kompozytor i muzyk Mariusz Lema\u0144ski jest cz\u0142onkiem zespo\u0142u Factor 8. Razem z Nimi otwiera\u0142 koncerty gwiazd takich jak: &hellip; <a href=\"https:\/\/mariuszlemanski.pl\/\" class=\"more-link\"><span class=\"more-button\">Continue Reading<span class=\"screen-reader-text\">Strona g\u0142\u00f3wna<\/span><\/span><\/a><\/p>\n","protected":false},"author":1,"featured_media":0,"parent":0,"menu_order":0,"comment_status":"closed","ping_status":"closed","template":"","meta":{"footnotes":""},"class_list":["post-16","page","type-page","status-publish","hentry"],"_links":{"self":[{"href":"https:\/\/mariuszlemanski.pl\/index.php?rest_route=\/wp\/v2\/pages\/16","targetHints":{"allow":["GET"]}}],"collection":[{"href":"https:\/\/mariuszlemanski.pl\/index.php?rest_route=\/wp\/v2\/pages"}],"about":[{"href":"https:\/\/mariuszlemanski.pl\/index.php?rest_route=\/wp\/v2\/types\/page"}],"author":[{"embeddable":true,"href":"https:\/\/mariuszlemanski.pl\/index.php?rest_route=\/wp\/v2\/users\/1"}],"replies":[{"embeddable":true,"href":"https:\/\/mariuszlemanski.pl\/index.php?rest_route=%2Fwp%2Fv2%2Fcomments&post=16"}],"version-history":[{"count":5,"href":"https:\/\/mariuszlemanski.pl\/index.php?rest_route=\/wp\/v2\/pages\/16\/revisions"}],"predecessor-version":[{"id":27,"href":"https:\/\/mariuszlemanski.pl\/index.php?rest_route=\/wp\/v2\/pages\/16\/revisions\/27"}],"wp:attachment":[{"href":"https:\/\/mariuszlemanski.pl\/index.php?rest_route=%2Fwp%2Fv2%2Fmedia&parent=16"}],"curies":[{"name":"wp","href":"https:\/\/api.w.org\/{rel}","templated":true}]}}